tor of 2419384?
True
Is 407603 a multiple of 44?
False
Is 7408005 a multiple of 1529?
True
Does 24 divide 9366720?
True
Is 13594 a multiple of 4?
False
Does 482 divide 10287808?
True
Is 154 a factor of 78848?
True
Is 4268488 a multiple of 28?
True
Is 87 a factor of 279618?
True
Is 570 a factor of 2073898?
False
Is 23 a factor of 5421614?
False
Does 274 divide 2052459?
False
Does 19 divide 1415139?
True
Does 37 divide 5351754?
True
Does 112 divide 4960592?
True
Does 18 divide 435294?
True
Does 42 divide 164808?
True
Does 34 divide 151591?
False
Is 16597698 a multiple of 39?
True
Is 95 a factor of 122740?
True
Does 74 divide 96801?
False
Is 23400 a multiple of 714?
False
Does 7 divide 4235126?
True
Is 57 a factor of 174374?
False
Does 2219 divide 18193581?
True
Is 450832 a multiple of 19?
True
Is 114 a factor of 2542499?
False
Does 46 divide 247158?
True
Is 4 a factor of 129721?
False
Does 22 divide 266889?
False
Does 10 divide 98784?
False
Is 53544 a multiple of 24?
True
Does 46 divide 29878?
False
Does 31 divide 2463?
False
Is 51 a factor of 370374?
False
Does 43 divide 6966?
True
Is 6 a factor of 370184?
False
Is 3158003 a multiple of 259?
False
Is 7015868 a multiple of 276?
False
Is 4003698 a multiple of 305?
False
Does 74 divide 489880?
True
Is 70 a factor of 283920?
True
Is 5957392 a multiple of 16?
True
Does 3 divide 97521?
True
Is 76 a factor of 1146308?
True
Is 66 a factor of 628063?
False
Is 23 a factor of 37016?
False
Is 542324 even?
True
Does 245 divide 54880?
True
Does 240 divide 489120?
True
Is 172360 a multiple of 132?
False
Is 2113960 a multiple of 10?
True
Is 177457 even?
False
Does 348 divide 381799?
False
Is 10 a factor of 13974410?
True
Is 53550 a multiple of 85?
True
Is 177 a factor of 1563795?
True
Is 56 a factor of 77869?
False
Is 1352442 a multiple of 7?
True
Does 28 divide 1097068?
True
Is 589542 a multiple of 17?
False
Does 57 divide 69711?
True
Is 35 a factor of 15278?
False
Is 13994 a multiple of 2?
True
Is 824852 a multiple of 331?
True
Is 501772 a multiple of 47?
True
Does 39 divide 3000894?
True
Is 673067 a multiple of 37?
True
Is 3315 a multiple of 13?
True
Does 100 divide 83633?
False
Is 1600203 a multiple of 1616?
False
Is 10336 a multiple of 152?
True
Is 172 a factor of 5292784?
True
Is 60791 a multiple of 13?
False
Is 1219049 a multiple of 79?
True
Is 266 a factor of 312816?
True
Does 404 divide 4431534?
False
Is 3297734 a multiple of 248?
False
Is 200 a factor of 528624?
False
Is 59196 a multiple of 12?
True
Is 168641 a multiple of 11?
True
Is 298287 a multiple of 23?
True
Does 134 divide 2881670?
True
Is 10 a factor of 47344?
False
Does 3 divide 56275?
False
Is 831 a factor of 1499420?
False
Is 4 a factor of 426716?
True
Does 61 divide 192760?
True
Is 26 a factor of 1346155?
False
Is 66 a factor of 570775?
False
Is 1849202 a multiple of 126?
False
Is 79 a factor of 95737?
False
Is 9700617 a multiple of 993?
True
Does 160 divide 1122314?
False
Does 103 divide 351503?
False
Is 48 a factor of 216613?
False
Is 23 a factor of 113433?
False
Is 304 a factor of 2955184?
True
Is 44 a factor of 372416?
True
Is 318 a factor of 1960282?
False
Does 140 divide 4444131?
False
Does 2 divide 97493?
False
Does 4 divide 4517?
False
Is 187 a factor of 13151696?
False
Is 3028368 a multiple of 168?
True
Is 26 a factor of 1483586?
True
Is 284101 a multiple of 200?
False
Is 321 a factor of 13835421?
True
Is 918900 a multiple of 300?
True
Is 266 a factor of 1196734?
True
Does 21 divide 11148669?
True
Is 154531 a multiple of 13?
True
Is 329852 a multiple of 50?
False
Is 5904 even?
True
Is 151983 a multiple of 13?
True
Is 664862 a multiple of 258?
False
Is 7 a factor of 1138032?
True
Does 202 divide 85244?
True
Is 852423 a multiple of 11?
True
Is 2424988 a multiple of 10?
False
Is 486 a factor of 745103?
False
Does 38 divide 459769?
False
Is 194012 even?
True
Is 182248 a multiple of 8?
True
Is 6298006 a multiple of 122?
True
Does 76 divide 1215645?
False
Is 136 a factor of 170000?
True
Does 352 divide 271027?
False
Does 9 divide 97119?
True
Is 79193 a multiple of 47?
False
Is 16 a factor of 3520?
True
Does 284 divide 1725868?
True
Does 107 divide 114918?
True
Is 30 a factor of 18778001?
False
Is 125058 a multiple of 8?
False
Does 19 divide 67136?
False
Does 9 divide 2243644?
False
Does 312 divide 453815?
False
Is 7 a factor of 94206?
True
Does 25 divide 35650?
True
Is 345628 a multiple of 208?
False
Is 7144592 a multiple of 104?
True
Is 47 a factor of 2200685?
False
Does 89 divide 1714229?
True
Is 20 a factor of 380465?
False
Is 641256 a multiple of 14?
True
Does 8 divide 704?
True
Is 20 a factor of 119840?
True
Is 18 a factor of 2326606?
False
Is 5562896 a multiple of 1676?
False
Does 47 divide 2621140?
False
Is 101 a factor of 118043?
False
Is 3193008 a multiple of 1091?
False
Is 64 a factor of 205162?
False
Is 7 a factor of 14078683?
False
Does 1405 divide 17003310?
True
Does 1079 divide 5187148?
False
Is 94 a factor of 377786?
True
Does 425 divide 516908?
False
Does 166 divide 130476?
True
Is 133 a factor of 226366?
True
Is 10 a factor of 26722?
False
Does 230 divide 1153220?
True
Is 206 a factor of 193897?
False
Does 38 divide 192964?
True
Is 391 a factor of 121889?
False
Does 61 divide 55233?
False
Does 4 divide 172796?
True
Is 67861 a multiple of 2?
False
Does 15 divide 2056986?
False
Does 25 divide 417475?
True
Is 362 a factor of 1465014?
True
Is 321 a factor of 705237?
True
Is 88 a factor of 639616?
False
Does 73 divide 161296?
False
Is 3802693 a multiple of 269?
False
Does 553 divide 936229?
True
Does 593 divide 1762396?
True
Is 167 a factor of 1662915?
False
Is 215113 a multiple of 34?
False
Does 33 divide 942507?
False
Is 139 a factor of 142123?
False
Does 19 divide 112010?
False
Is 152268 a multiple of 6?
True
Is 135 a factor of 168552?
False
Is 24 a factor of 260531?
False
Is 78064 a multiple of 79?
False
Is 149880 a multiple of 31?
False
Is 135911 a multiple of 12?
False
Is 424465 even?
False
Is 2689712 a multiple of 17?
False
Does 11 divide 612032?
False
Is 55067 a multiple of 36?
False
Does 1047 divide 2853837?
False
Is 125440 a multiple of 20?
True
Is 539235 a multiple of 15?
True
Does 269 divide 323173?
False
Is 3953520 a multiple of 684?
True
Is 281286 a multiple of 321?
False
Does 23 divide 233209?
False
Does 11 divide 268748?
False
Does 111 divide 14097?
True
Does 241 divide 190149?
True
Does 73 divide 19348504?
True
Is 5307750 a multiple of 595?
False
Is 388445 a multiple of 399?
False
Is 1579720 a multiple of 541?
True
Is 456 a factor of 1520304?
True
Is 528 a factor of 2250537?
False
Is 13 a factor of 440297?
True
Is 1628328 a multiple of 34?
True
Is 75820 a multiple of 23?
False
Is 58164 a multiple of 131?
True
Does 235 divide 138415?
True
Is 86 a factor of 1980121?
False
Is 117640 a multiple of 8?
True
Is 331821 even?
False
Is 5378026 a multiple of 926?
False
Is 178 a factor of 42542?
True
Is 5 a factor of 336165?
True
Does 129 divide 17711196?
False
Is 101030 a multiple of 3?
False
Is 16787742 a multiple of 177?
True
Is 25 a factor of 308069?
False
Is 137176 a multiple of 132?
False
Is 24 a factor of 53318?
False
Is 31 a factor of 148314?
False
Does 28 divide 2527240?
False
Is 43 a factor of 141298?
True
Is 2759180 a multiple of 104?
False
Is 37 a factor of 2438275?
False
Is 96062 a multiple of 6?
False
Does 340 divide 14795100?
True
Is 161120 a multiple of 152?
True
Does 64 divide 72448?
True
Is 337630 a multiple of 19?
True
Does 27 divide 4215042?
False
Is 1049814 a multiple of 4?
False
Is 137 a factor of 9504329?
False
Does 38 divide 126958?
True
Does 4 divide 42888?
True
Is 109 a factor of 127020?
False
Does 214 divide 121766?
True
Does 470 divide 636034?
False
Is 3437241 a multiple of 681?
False
Is 604 a factor of 3140800?
True
Is 1216 a factor of 535040?
True
Does 16 divide 363504?
True
Is 231489 a multiple of 51?
True
Is 690 a factor of 1290990?
True
Is 274108 a multiple of 77?
False
Does 108 divide 861252?
False
Is 112529 a multiple of 41?
False
Is 73587 a multiple of 3?
True
Is 316940 a multiple of 13?
True
Is 24 a factor of 2537120?
False
Is 239 a factor of 2402215?
False
Is 187 a factor of 649728?
False
Is 151258 a multiple of 16?
False
Does 56 divide 105952?
True
Is 909594 a multiple of 3?
